en p(9) is divided by 14.
13
Let b(k) = 22*k + 6. Let a(d) = -d - 1. Let w(z) = -4*a(z) - b(z). Calculate the remainder when w(-4) is divided by 24.
22
Let z(m) be the third derivative of m**5/60 - m**4/12 + 2*m**3/3 - 8*m**2. What is the remainder when 34 is divided by z(4)?
10
Let w(l) = -5*l + 7. Let q be w(-5). Suppose 2*x = -0 + q. Calculate the remainder when 45 is divided by x.
13
Suppose 21*g = 18*g + 282. What is the remainder when g is divided by 19?
18
Suppose 2*f = 2*b - 58, 54 + 107 = 4*b + 5*f. What is the remainder when b is divided by (0 - 9 - 6)*-1 - 3?
10
Let o(x) = -2*x**2 + 6*x + 4. Let v be o(5). Let s = -7 - v. Let q = -40 - -65. Calculate the remainder when q is divided by s.
7
Let a(u) = 11*u**2 + u + 1. Let v = 5 - 6. Calculate the remainder when a(v) is divided by 6.
5
Let u = 57 - 25. What is the remainder when u is divided by 17?
15
Let t = -55 + 67. What is the remainder when 45 is divided by t?
9
Suppose -5*u + 49 = -s - 0*s, 2*u - s = 19. Calculate the remainder when 57 is divided by u.
7
Let s be 5 - (1 - 0 - -1). Suppose -2*v - 42 = -s*v. Calculate the remainder when v is divided by (-1 - -2)*(-6 + (-1 - -18)).
9
Let q(f) = f**2 + 24*f - 19. What is the remainder when 16 is divided by q(-25)?
4
Let p be -2*1 - (5 + 4). Let t = 16 + p. Let d = 2 + t. What is the remainder when 25 is divided by d?
4
Suppose 3*w - 60 - 222 = 0. What is the remainder when w is divided by 16?
14
Let t = 4 + -2. Suppose 4*c + 5*m - 1 = 0, -40 = -c + 6*c - t*m. Calculate the remainder when 17 is divided by (-45)/c*12/15.
5
Suppose -3*i + 6 = 2*k, -3 + 32 = 5*i - 3*k. Calculate the remainder when 4 is divided by i.
0
What is the remainder when 12 is divided by ((-2)/(-4))/(6/96)?
4
Calculate the remainder when 34 is divided by (-2)/7 - 688/(-56).
10
Let j = 228 + -185. Suppose 0*i + 2*p + 72 = 4*i, 4*p = -2*i + 26. Let h = -2 + i. Calculate the remainder when j is divided by h.
13
Suppose -3*p + 62 = 5. What is the remainder when p is divided by 11?
8
Let w(b) = 7*b**2 - b - 1. Suppose -6 = -4*i + 14. Let r = 4 + i. Calculate the remainder when w(2) is divided by r.
7
Suppose 2*v + 13 = -17. Let i be (-1 - 0)*(1 + v). Let u = i - 10. Calculate the remainder when 6 is divided by u.
2
Suppose -2*m + 5*m + 300 = 0. Let h = m - -71. Let i = -14 - h. What is the remainder when 43 is divided by i?
13
Suppose -p - 2 = 1. Calculate the remainder when 129 is divided by (55/10)/(p/(-18)).
30
Suppose -5*w = -15, -g + 4*g - 2*w = 0. Suppose -3*p + 2*y + 61 = 0, 9*y = -p + 4*y + 9. Calculate the remainder when (p + 0)/(g - 1) is divided by 7.
5
Let c(y) = 5*y - 1. Let h be c(3). Let r = h + -20. Calculate the remainder when 148/r*(-9)/6 is divided by 13.
11
Let c(r) = 5*r**2 - 10*r + 12. Calculate the remainder when c(5) is divided by 45.
42
Suppose 164*y - 60 = 159*y. What is the remainder when 35 is divided by y?
11
Suppose 3*l - 9 = 2*l. Calculate the remainder when 87 is divided by l.
6
Let t = 10 - 10. Let d = t - -19. Calculate the remainder when d is divided by 10.
9
Suppose -8 = -v - 2*w, 2*w = 3*v - 0*v. What is the remainder when v is divided by 1?
0
Let j(x) = x**3 - 11*x**2 + 9*x - 2. Let q be j(10). Let u = -20 - q. What is the remainder when 41 is divided by 2/(-8) + (-114)/u?
13
Suppose f - 2*f = -21. Let m = 7 - 4. Let s(w) = 2*w**2 - 3*w + 2. Calculate the remainder when f is divided by s(m).
10
Let l(a) = -a**3 + a**2. Let g(c) = -3*c**3 + 8*c**2 - 1. Let v(z) = g(z) - 4*l(z). Calculate the remainder when 27 is divided by v(-2).
6
Let o = 27 - 15. Suppose 0*p - o = -3*p. What is the remainder when 10 is divided by p/18 + 208/36?
4
Let r = 5 + -6. Let g be (-104)/(-14) - (-3)/(-7). Let d = g - r. What is the remainder when 15 is divided by d?
7
Calculate the remainder when 75 is divided by (6/9)/((-2)/(-48)).
11
Let f(n) = -n**3 - 6*n**2 + 6*n + 17. Calculate the remainder when 69 is divided by f(-7).
21
Calculate the remainder when 137 is divided by (-3)/(-2)*(-1 + (-93)/(-9)).
11
Suppose -2*s - 3*s = -60. Suppose 2*k - 40 = -4*y, 0 = 5*y + 2*k - s - 37. Calculate the remainder when 16 is divided by y.
7
What is the remainder when 40 + -1 - 7/((-14)/(-8)) is divided by (8/6)/(2/18)?
11
Suppose -l + 1 = -4, -2*r - 2*l + 62 = 0. Suppose 0 = j + f - 7, 2*f = -j + 4*j - 21. Calculate the remainder when r is divided by j.
5
Suppose 2*i + 25 = m, -10 = m - 3*i - 38. Calculate the remainder when 37 is divided by m.
18
Suppose -5*m = 3*r + 10 + 12, -5*r - 20 = 0. What is the remainder when (m + 94/4)*2 is divided by 22?
21
Let c = 22 + -19. What is the remainder when 11 is divided by c?
2
Let d(c) = c**3 - 3*c**2 - 9. What is the remainder when 60 is divided by d(4)?
4
Let u(c) = -c**2 - c + 4. Let b be u(0). Suppose 2*a + 2*s + 2 = a, -5*a - b*s = 22. Calculate the remainder when 4 is divided by 2*1/(-6)*a.
0
Let l = 42 - 25. What is the remainder when 47 is divided by l?
13
Suppose 4*t - 236 = 2*t - 2*s, -2*s = 10. Calculate the remainder when t is divided by 31.
30
Suppose -k + 31 = -39. Let m = k + -49. Calculate the remainder when 40 is divided by m.
19
Suppose -5*y - 36 = -8*y. Suppose 2 = 3*z + 263. Let n = 133 + z. What is the remainder when n is divided by y?
10
Suppose -9*w + 4*w = -250. Let g = 43 + -30. What is the remainder when w is divided by g?
11
Let l be -1 + (-2 - (-520)/(-1)). What is the remainder when l/(-6) + 2/(-12) is divided by 22?
21
Suppose 5*i + 34 + 4 = n, 5*i - 14 = -3*n. Calculate the remainder when 76 is divided by n.
11
Let b(d) = -19*d - 24. Calculate the remainder when b(-3) is divided by 7.
5
Suppose -2*y - 49 + 65 = 0. What is the remainder when 63 is divided by y?
7
Suppose 3*z - 4*a - 4 = 0, 4*z + 0*z - 22 = -3*a. Suppose -u - z*u + 85 = 0. What is the remainder when 50 is divided by u?
16
Suppose 0*i - i = -2. Let y be 14/12*3*i. Let t = y - -4. What is the remainder when t is divided by 6?
5
Let m(i) = -i - 1. Let n(j) = j + 14. Let a(b) = -3*m(b) - n(b). Let w(p) = -p**3 + 3*p**2 + 5*p + 3. What is the remainder when a(12) is divided by w(4)?
6
Suppose -7*j + 17 = -179. What is the remainder when 107 is divided by j?
23
Suppose -2*l + 18 = -6. Calculate the remainder when l is divided by 5.
2
Let a(b) = 11*b + 5. Calculate the remainder when a(3) is divided by (-1)/(-4) + 158/8.
18
Let o(h) = 3*h + 9. Let a be o(-9). Let u be (a/(-6))/((-3)/(-56)). Suppose 12 + u = 4*l. What is the remainder when 50 is divided by l?
16
Let v(l) = -2*l - 12. Calculate the remainder when v(-13) is divided by 6.
2
Let m = 8 + -1. What is the remainder when m is divided by 6/21 + (-66)/(-14)?
2
Let g(n) = 2*n - 16. Let k = -4 + 11. What is the remainder when k is divided by g(10)?
3
Let n(f) = f**2 - 3*f + 6. Calculate the remainder when 15 is divided by n(3).
3
Suppose -2*x - 3*x + 17 = -2*f, -5*x + 29 = f. Suppose 2*u - 84 - f = 0. Calculate the remainder when u is divided by 15.
14
Suppose -3*x = -133 - 50. What is the remainder when x is divided by 16?
13
Suppose 68 = 6*j - 2*j. What is the remainder when 83 is divided by j?
15
Let w be 12/(-8) + (-238)/(-4). Let t = w + -4. What is the remainder when t is divided by 14?
12
Let y = -291 - -432. Let v = 13 + -9. Suppose -d - v*d = -10, 5*u - 2*d = y. Calculate the remainder when u is divided by 10.
9
Suppose 4*q = -c + 191, 7*c + 4*q - 394 = 5*c. Calculate the remainder when c is divided by 51.
50
Calculate the remainder when 80 is divided by 1/(0 + 3/81).
26
Let b(m) = -m - 2. Calculate the remainder when 11 is divided by b(-6).
3
Suppose 0 = 3*o - 521 + 98. Suppose 0 = -a + 4*a - o. Suppose 6*f - 112 = -f. Calculate the remainder when a is divided by f.
15
Suppose 0 = n - 2*i - 9, -i - 2*i = -3*n + 33. What is the remainder when 2/4 + (-202)/(-4) is divided by n?
12
Suppose 3*q - 2*a = 13 + 18, -q = -5*a - 6. What is the remainder when 29 is divided by q?
7
Let h(k) be the first derivative of 3*k**4/8 - k**3/2 - 2*k**2 - 4. Let c(t) be the second derivative of h(t). What is the remainder when 43 is divided by c(2)?
13
Let n(b) = 31*b**3 - 2*b**2 + 4. What is the remainder when n(2) is divided by 62?
58
Suppose 4 = 4*a + 4*l, 1 = -2*a - l + 3. Let k(n) = 13*n + 2. What is the remainder when 57 is divided by k(a)?
12
Let s(t) = t**2 - 7*t + 7. Let h = 3 + -3.